100120220
In base 11, what is 901 + -19303?
-18502
In base 16, what is 5853 - 2a0b?
2e48
In base 15, what is 22e89 - 75?
22e14
In base 5, what is -120121433 + -134?
-120122122
In base 16, what is -12595 - -21?
-12574
In base 5, what is 0 + -112424121203?
-112424121203
In base 11, what is -204791 + -a?
-2047a0
In base 6, what is 224314454 - -5?
224314503
In base 6, what is 22400250152 - 2?
22400250150
In base 14, what is b75829 - 18?
b75811
In base 6, what is -12 + 1031334?
1031322
In base 2, what is 110101111101011100 - -1000011100100?
110111000001000000
In base 15, what is -5 - -32a6b3?
32a6ad
In base 10, what is 8 + -59341994?
-59341986
In base 7, what is -1040112011 + -5?
-1040112016
In base 4, what is -1 - 332103023010?
-332103023011
In base 6, what is -2 + -21010251215?
-21010251221
In base 16, what is -66 + -3695b?
-369c1
In base 6, what is 11135233 + 2321?
11141554
In base 9, what is 2615113 - 11?
2615102
In base 4, what is -3213313310233 + 11?
-3213313310222
In base 16, what is -52e4 - 92e?
-5c12
In base 9, what is 3 - 148252010?
-148252006
In base 15, what is 41352b - 6?
413525
In base 14, what is 5 - -26ad4d8?
26ad4dd
In base 3, what is -20202222102 + -101?
-20202222210
In base 2, what is -111100000001101110 + 1001100?
-111100000000100010
In base 11, what is 93 - -7029?
7111
In base 13, what is 68599 - -119?
686b5
In base 2, what is -1 + -101100010010100001101110?
-101100010010100001101111
In base 12, what is -2a202 - -a8?
-2a116
In base 13, what is 108 - -21078?
21183
In base 14, what is -112 - -1ba23?
1b911
In base 5, what is -13102 + 224004?
210402
In base 12, what is -444 - 32a05?
-33249
In base 7, what is 112620 + -310?
112310
In base 5, what is 243203 + 14443?
313201
In base 2, what is -11000011 - -10011111101100110?
10011111010100011
In base 4, what is -13032031010 - -2?
-13032031002
In base 5, what is -2431 - -23001322?
22443341
In base 10, what is -4 + -1723981?
-1723985
In base 4, what is 10002303 + -110210?
3232033
In base 13, what is 78cb - -7483?
12081
In base 10, what is -973448 - -54?
-973394
In base 2, what is -1100 + -100001011101001100000111?
-100001011101001100010011
In base 15, what is -1 - 117002d?
-117002e
In base 11, what is -4 + -5248628?
-5248631
In base 7, what is 3035421 - -111?
3035532
In base 10, what is -22186 + -1232?
-23418
In base 15, what is 5d9b620 - 2?
5d9b61d
In base 11, what is 1357a - 348?
13232
In base 5, what is 330213 + -12230?
312433
In base 5, what is 42 + -114114130?
-114114033
In base 8, what is -12507106 + -63?
-12507171
In base 8, what is -6330137 - 3?
-6330142
In base 12, what is 458758 + -702?
458056
In base 10, what is -1 - 40252048?
-40252049
In base 2, what is -10 + -1100010001011011000011?
-1100010001011011000101
In base 5, what is -400 - -4113414?
4113014
In base 15, what is -59bb - -6c4?
-52e7
In base 6, what is -103 + 23331421?
23331314
In base 2, what is -1011100100101001100 + -11001011?
-1011100101000010111
In base 10, what is 5 - 236855544?
-236855539
In base 10, what is 24231718 + 0?
24231718
In base 15, what is -2 + 13a7326?
13a7324
In base 6, what is 550523 + -1540?
544543
In base 13, what is -49a5c - a?
-49a69
In base 14, what is -b858 - 4b?
-b8a5
In base 5, what is 1213102 + -403013?
310034
In base 3, what is 21012111210212002 + 10?
21012111210212012
In base 2, what is 10100 + 10110110010111011011000?
10110110010111011101100
In base 15, what is -3a - -134cb?
13491
In base 11, what is 1237a + -1754a?
-5180
In base 12, what is a4 + 9672a?
96812
In base 10, what is 0 - -3171672?
3171672
In base 4, what is 22121232330202 + -11?
22121232330131
In base 9, what is 756 - 5306?
-4440
In base 10, what is -20 + 153008?
152988
In base 16, what is 797fd8 + cb?
7980a3
In base 11, what is -32683 - 491?
-33064
In base 10, what is -4 + 24106392?
24106388
In base 2, what is -101011000010010110101 + 111011?
-101011000010001111010
In base 3, what is -221222200 - -201200?
-221021000
In base 8, what is -4 + -534742?
-534746
In base 16, what is -233f36 + 8?
-233f2e
In base 16, what is -4a47fba - -6?
-4a47fb4
In base 3, what is -102001110 - -2021020?
-22210020
In base 4, what is -222203 + 31112313?
30230110
In base 16, what is -31b2b + -5?
-31b30
In base 12, what is 5 - -30abb68a?
30abb693
In base 7, what is 1 + -405252?
-405251
In base 15, what is 9082 - -2170?
b202
In base 5, what is 0 - -22243130244?
22243130244
In base 2, what is -1010000 - 1110001010001110011100?
-1110001010001111101100
In base 6, what is 1010 + 1030205?
1031215
In base 9, what is 6134365 - 3?
6134362
In base 2, what is 101000010101 + 11100011011001101?
11101000011100010
In base 2, what is -110111 - -111100001001111000010?
111100001001110001011
In base 5, what is -10 - 414221323?
-414221333
In base 7, what is -3 + -42431213?
-42431216
In base 6, what is 31 - -11511125?
11511200
In base 8, what is 4 - -1552402473?
1552402477
In base 9, what is 67431 - -147?
67578
In base 4, what is 130 + -1330320?
-1330130
In base 7, what is 0 - 1152254064?
-1152254064
In base 3, what is -12 + -1002020011121?
-1002020011210
In base 11, what is 68552 - 97?
68466
In base 11, what is -249 - 32694?
-32932
In base 14, what is -7a - -80c216?
80c17a
In base 8, what is -6 - 115306757?
-115306765
In base 15, what is 48524 - 72?
484a2
In base 2, what is 110001000010100010001111110 + 0?
110001000010100010001111110
In base 16, what is -6a0 - 8be7?
-9287
In base 7, what is -321 - 434433?
-435054
In base 8, what is 146135 - 11250?
134665
In base 10, what is 110079 + 230?
110309
In base 11, what is 123272879 - 2?
123272877
In base 9, what is 2023 + 2443?
4466
In base 16, what is 4 - a26b4b?
-a26b47
In base 3, what is 10101102 + 12011121?
22120000
In base 4, what is 2311100 - 12203031?
-3231331
In base 5, what is 11 + -31221244433?
-31221244422
In base 16, what is -14 + -1b1808?
-1b181c
In base 8, what is 3 + -23345110?
-23345105
In base 13, what is 73c7 - b6c?
6558
In base 4, what is 2313001 - 30102310?
-21123303
In base 5, what is -1 - -1144420102?
1144420101
In base 9, what is 205 + -436484?
-436278
In base 7, what is 2 + -55022112?
-55022110
In base 11, what is 159 + 1316501?
131665a
In base 14, what is 2 - -d46110?
d46112
In base 6, what is 1104 + 4411330?
4412434
In base 14, what is -33750 + -4a?
-3379a
In base 6, what is 3325211 + 131?
3325342
In base 12, what is 35b5794 - -2?
35b5796
In base 6, what is 2425244 + 45?
2425333
In base 15, what is 4e8774b5 - -5?
4e8774ba
In base 8, what is -167123465 - 3?
-167123470
In base 8, what is 2125537 - -1?
2125540
In base 3, what is 21221020021021 + 11?
21221020021102
In base 14, what is -3c50dbb + -4?
-3c50dc1
In base 7, what is 46 - -6142200?
6142246
In base 11, what is -5 - -24aa80a?
24aa805
In base 2, what is -1010110 - 10010110001111?
-10010111100101
In base 7, what is -52 - -2112655?
2112603
In base 12, what is -209424 + -184?
-2095a8
In base 8, what is 4323 - -415?
4740
In base 5, what is 3 - 403244433123?
-403244433120
In base 6, what is -354 - -22011221?
22010423
In base 4, what is -1013030133 - 1011?
-1013031210
In base 16, what is -10b - 9b73?
-9c7e
In base 6, what is 5035 + 4043351?
4052430
In base 14, what is -bb - abc29?
-abd06
In base 12, what is -7b8 - 100a0b?
-101607
In base 4, what is 111002333 + -21200?
110321133
In base 12, what is -876604 - -13?
-8765b1
In base 12, what is 7 - -1108270?
1108277
In base 7, what is -5 - 32312435?
-32312443
In base 7, what is 2620100 + -2222?
2614545
In base 5, what is 10331141 - -1440?
10333131
In base 5, what is -141312 - -21224?
-120033
In base 5, what is -414024344432 + -10?
-414024344442
In base 14, what is 22 + -3a94?
-3a72
In base 16, what is 4b262 + -c?
4b256
In base 11, what is 1875a55 - -24?
1875a79
In base 14, what is a8 - 15d767?
-15d69d
In base 15, what is -2c521e + 0?
-2c521e
In base 2, what is -101010000011111010 - 101011?
-101010000100100101
In base 11, what is -1a8 + -15433?
-15630
In base 3, what is 100210 - 10212011?
-10111101
In base 10, what is -239850 - 236?
-240086
In base 5, what is 110321 - -2442411?
3103232
In base 5, what is -212124402104 - -3?
-212124402101
In base 9, what is -1641 + -4640?
-6381
In base 13, what is -74b4 - 654?
-7b38
In base 14, what is -b - -7dc6d?
7dc62
In base 15, what is -5b7 + -e40?
-1507
In base 5, wha